?
264
Let u(f) = -2*f**2 - 1083*f + 153406. Calculate u(-658).
92
Let o(l) = -782*l + 9411. Calculate o(12).
27
Let m(j) = -1107*j - 2365. Determine m(-2).
-151
Let r(l) = -13*l**3 + 967*l**2 - 397*l + 1992. Give r(74).
-6
Let o(y) = -y**3 - 406*y**2 + 835*y + 7790. Determine o(-408).
38
Let o(k) = -k**3 - 162*k**2 - 122*k - 19768. Determine o(-162).
-4
Let j(u) = -61*u**2 - 340*u - 40. Give j(-5).
135
Let h(y) = y**2 + 459*y - 13122. What is h(27)?
0
Let q(y) = y**2 - 198*y - 26028. Determine q(288).
-108
Let l(a) = -27*a**2 + 282*a - 114. What is l(11)?
-279
Let m(v) = 2*v**3 + 825*v**2 + 6133*v + 23512. Give m(-405).
22
Let n(t) = -t**2 + 16194*t - 258846. What is n(16)?
2
Let l(b) = 4320*b + 22160. Calculate l(-5).
560
Let x(i) = 2*i**3 - 34*i**2 + 662. Determine x(17).
662
Let l(h) = -9510*h - 123683. Determine l(-13).
-53
Let k(i) = -18938*i - 151442. Determine k(-8).
62
Let s(b) = -33*b**2 + 1848*b + 177. Calculate s(56).
177
Let b(j) = -j**2 - 176*j + 86082. What is b(218)?
190
Let c(h) = -h**3 - 4*h**2 - 270*h - 804. Give c(-3).
-3
Let c(r) = r**2 + 6935*r - 1. What is c(0)?
-1
Let m(a) = -a**3 + 17*a**2 + 7548*a - 156742. Calculate m(21).
2
Let v(f) = -4*f**2 + 1154*f + 8374. Determine v(-7).
100
Let f(d) = -153*d - 5274. What is f(-52)?
2682
Let p(d) = -d**3 - 249*d**2 + 976*d - 9060. Calculate p(-253).
48
Let v(d) = -561*d**2 - 512*d - 511. What is v(-1)?
-560
Let v(b) = 269048*b + 1345406. Calculate v(-5).
166
Let r(b) = -1911*b + 108924. Calculate r(57).
-3
Let k(s) = 37128*s + 1225236. Give k(-33).
12
Let a(t) = -325*t**2 - 5795*t - 89. Determine a(-18).
-1079
Let n(q) = 129*q**2 - 23949*q - 8367. Determine n(186).
3
Let t(c) = -3*c**2 + 394*c - 3228. Give t(121).
523
Let z(r) = -r**2 - 195*r + 5915. Calculate z(-223).
-329
Let l(p) = -p**3 + 102*p**2 + 29087*p - 917. What is l(229)?
-1
Let o(c) = -6*c**2 - 20*c + 1157. Give o(15).
-493
Let w(u) = -12384*u + 198599. Give w(16).
455
Let w(v) = -8550*v + 34374. Give w(4).
174
Let n(i) = 3628*i - 271888. Determine n(75).
212
Let i(t) = t**3 - 227*t**2 - 695*t + 1165. Determine i(230).
15
Let s(f) = -331*f**2 + 2646*f + 1. Calculate s(8).
-15
Let b(u) = 94*u**3 - 650*u**2 - u - 399. Give b(7).
-14
Let g(j) = 2*j**3 + 70*j**2 + 473*j + 116. Determine g(-26).
-14
Let m(z) = -z**3 + 57*z**2 - 726*z - 181. What is m(41)?
-3051
Let w(l) = l**3 + 17*l**2 - 179*l + 69. Give w(7).
-8
Let c(n) = -n**3 + 1529*n**2 - 44971*n - 13. Give c(30).
-43
Let c(q) = 1311*q**2 + 1272*q - 59. Give c(-1).
-20
Let g(r) = 4*r**3 + 1215*r**2 - 2443*r + 16. Give g(2).
22
Let y(z) = 4*z**3 + 86*z**2 + 40*z - 36. What is y(-21)?
6
Let w(x) = 5696*x - 2939120. Determine w(516).
16
Let y(q) = -q**3 + 18*q**2 - 23*q - 96. Give y(13).
450
Let v(x) = 2318*x**2 + 9294*x + 7. Determine v(-4).
-81
Let y(f) = -f**2 + 94*f - 1886. Determine y(31).
67
Let k(z) = 571*z + 15326. Calculate k(-29).
-1233
Let w(u) = 3*u**2 + 29*u - 1638. Give w(-26).
-364
Let o(k) = -k**3 + 8*k**2 - 224*k + 1082. Give o(5).
37
Let r(y) = y**3 - 44*y**2 - 317*y - 17. Give r(-8).
-809
Let d(p) = -314*p - 5327. Calculate d(-17).
11
Let t(q) = -21*q**3 + 4*q**2 + 2634*q - 2637. Determine t(1).
-20
Let d(p) = -9*p**3 + 79*p**2 + 2309*p + 10. Give d(21).
-11
Let n(i) = -9*i**3 - 182*i**2 - 23*i - 149. What is n(-20)?
-489
Let m(w) = 3*w**3 + 820*w**2 + 261*w - 3567. What is m(-273)?
-291
Let l(s) = -275230*s - 1376221. Determine l(-5).
-71
Let z(p) = 1838*p - 9091. Give z(5).
99
Let v(j) = -j**3 + 12*j**2 - 44*j - 91. Determine v(15).
-1426
Let p(q) = 2*q**2 + 302*q - 26997. What is p(63)?
-33
Let u(t) = t**3 + 19*t**2 - 35*t - 1541. What is u(-10)?
-291
Let j(y) = 12659*y**2 - 63277*y - 90. Give j(5).
0
Let k(n) = -203*n - 17445. Determine k(-84).
-393
Let i(z) = -98597*z + 1084553. Give i(11).
-14
Let i(k) = k**3 - 65*k**2 + 595*k + 193. Determine i(12).
-299
Let y(m) = -3*m**2 - 246035*m + 1722403. Calculate y(7).
11
Let r(s) = -2531*s + 6961. What is r(3)?
-632
Let r(h) = 22*h**3 - 23*h - 4. What is r(3)?
521
Let f(u) = 17217*u + 241059. Determine f(-14).
21
Let y(j) = -j**3 + 9*j**2 + 83*j - 402. What is y(5)?
113
Let d(t) = -4*t**2 - 66*t - 216. Calculate d(-18).
-324
Let o(z) = -33*z**2 - 1319*z + 66. What is o(-40)?
26
Let k(s) = 764*s + 426. Give k(0).
426
Let k(b) = -b**2 + 33417*b - 834672. Give k(25).
128
Let o(s) = 2*s**3 - 532*s**2 + 51*s - 13584. What is o(266)?
-18
Let w(x) = -111*x + 12327. What is w(80)?
3447
Let g(c) = 4*c**2 - 279*c - 2354. Give g(82).
1664
Let a(z) = 221*z - 49479. Determine a(224).
25
Let j(u) = 5*u**3 - 84*u**2 - 1384*u + 197. Give j(27).
8
Let n(u) = 78*u**2 - 107*u + 518. Determine n(5).
1933
Let w(o) = 4*o**2 + 294*o + 4471. Give w(-52).
-1
Let j(i) = -378*i - 31262. What is j(-83)?
112
Let o(f) = -f**3 + 25*f**2 - 43*f + 109. Give o(6).
535
Let f(u) = u**3 + 102*u**2 - 3018*u - 113. Determine f(24).
31
Let u(i) = -5*i**2 - 1194*i - 886. What is u(-238)?
66
Let k(r) = r**3 - 32*r**2 - 511*r - 3381. Determine k(45).
-51
Let k(r) = 50*r**2 + 145*r + 1018. Determine k(-7).
2453
Let o(w) = 11*w**2 + 6731*w - 7342. Determine o(-613).
14
Let k(z) = 55972*z - 19366292. What is k(346)?
20
Let p(b) = -3999*b + 91986. Give p(23).
9
Let c(u) = -22*u**2 + 485. Calculate c(-5).
-65
Let f(b) = b**2 + 196*b + 1527. What is f(-9)?
-156
Let n(b) = -b**3 - 35*b**2 + 25*b - 623. Give n(-36).
-227
Let j(b) = -b**3 + 35*b**2 - 307*b + 712. Determine j(4).
-20
Let k(h) = -3*h**2 + 9*h + 412. Calculate k(0).
412
Let c(w) = 3352*w - 455891. Calculate c(136).
-19
Let x(f) = -852*f + 31093. Determine x(36).
421
Let o(s) = -891*s - 1212. Determine o(-1).
-321
Let g(c) = 20*c**2 - 2802*c - 141. Calculate g(140).
-421
Let s(o) = o**2 + 2829*o + 128029. Calculate s(-46).
11
Let m(u) = -16*u**2 + 2345*u - 70833. Calculate m(104).
-9
Let x(z) = -3*z**3 - 712*z**2 - 854*z - 146202. Give x(-237).
27
Let d(s) = -230*s - 409. What is d(-6)?
971
Let f(r) = 3*r**3 + 1590*r + 4783. Calculate f(-3).
-68
Let z(t) = 6*t**3 - 184*t**2 + 75*t + 61. What is z(30)?
-1289
Let n(u) = 9430*u - 112973. Calculate n(12).
187
Let f(t) = -531*t - 5018. What is f(-11)?
823
Let x(f) = -1882*f - 327452. Give x(-174).
16
Let k(y) = -23*y**2 + 672*y - 2711. What is k(4)?
-391
Let o(d) = 6*d**2 + 1640*d + 26046. Determine o(-17).
-100
Let v(k) = -136*k - 3273. What is v(-29)?
671
Let g(z) = -8*z - 867. Calculate g(41).
-1195
Let a(g) = 56841*g - 682107. Give a(12).
-15
Let j(w) = -3*w**3 - 4*w**2 + 39*w - 19. Determine j(-5).
61
Let y(g) = -g**3 + 50*g**2 - 673*g + 2922. Give y(32).
-182
Let p(v) = -v**2 + 5584*v + 140224. What is p(-25)?
-1
Let r(y) = 2*y**3 + 118*y**2 - 101*y + 1191. Give r(-60).
51
Let z(s) = -1105*s**2 - 115*s - 112. Give z(-1).
-1102
Let s(z) = z**2 - 123*z + 2054. Calculate s(20).
-6
Let x(a) = a**2 - 276*a + 18095. Calculate x(165).
-220
Let s(w) = w**3 + 21*w**2 + 190*w + 5288. Give s(-23).
-140
Let c(b) = 54*b + 156. Give c(-28).
-1356
Let g(k) = -k**3 + 1005*k**2 - 3930*k - 74041. What is g(1001)?
33
Let t(b) = -3*b**2 - 78*b - 182. What is t(-19)?
217
Let s(i) = -319*i + 530. Give s(-2).
1168
Let h(o) = 2233*o + 8882. Give h(-4).
-50
Let z(o) = -1257*o - 36548. Determine z(-29).
-95
Let b(q) = -147*q + 12787. Give b(103).
-2354
Let i(p) = 6*p**2 - 175*p - 3345. Determine i(-17).
1364
Let n(u) = 2*u**3 + 318*u**2 - 318*u + 968. Calculate n(-160).
648
Let d(s) = 11225*s + 11214. Give d(-1).
-11
Let p(j) = -217*j**2 - 4340*j + 57. Determine p(-20).
57
Let o(a) = a**2 + 1765*a - 21217. What is o(12)?
107
Let f(s) = -3869*s + 104833. What is f(27)?
370
Let v(h) = -157*h - 3368. Calculate v(-27).
871
Let s(w) = 49874*w + 299130. Give s(-6).
-114
Let u(i) = -55*i + 2197. Determine u(23).
932
Let b(w) = -367*w**2 - 1046*w + 162. What is b(-3)?
-3
Let v(p) = -175*p**2 + 725*p + 4535. What is v(-6)?
-6115
Let w(z) = -z**3 - 11*z**2 - 177*z - 1890. Calculate w(-11).
57
Let z(c) = -727585*c - 5093089. Calculate z(-7).
6
Let t(y) = 2574*y + 27873. Calculate t(-11).
-441
Let x(o) = o**3 + 36*o**2 + 195*o + 234. Calculate x(-30).
-216
Let x(s) = -7*s**3 - 30*s**2 - 273*s - 1000. What is x(-4)?
60
Let d(j) = -102*j**2 + 9503*j + 70. Give d(93).
1651
Let o(i) = 3439*i + 231460. Calculate o(-67).
1047
Let q(y) = -3533*y - 113082. Calculate q(-32).
-26